{"id":77,"date":"2018-12-22T15:38:42","date_gmt":"2018-12-22T13:38:42","guid":{"rendered":"http:\/\/clikdesign.fi\/ilasmaa_new\/?page_id=77"},"modified":"2025-03-25T14:38:59","modified_gmt":"2025-03-25T12:38:59","slug":"urpu-ilasmaa-art1990s","status":"publish","type":"page","link":"https:\/\/clikdesign.fi\/ilasmaa\/urpu-ilasmaa-art1990s\/","title":{"rendered":"Urpu Ilasmaan taide 1990-luvulla"},"content":{"rendered":"\n<p class=\"has-text-align-center\">1990-luvulla Urpu Ilasmaa oli muuttanut Helsinkiin, mutta s\u00e4ilytti yhteytens\u00e4 Jyv\u00e4skyl\u00e4\u00e4n. H\u00e4nen ty\u00f6ns\u00e4 Jyv\u00e4skyl\u00e4n taiteilijaseuran vuoden 1995 n\u00e4yttelyss\u00e4 sai positiivista huomiota kriitikoilta. <\/p>\n\n\n\n<p class=\"has-text-align-center\">H\u00e4nen taiteellisen ilmaisunsa perustan muodostaa v\u00e4ri, ja h\u00e4n on tunnettu omistautuneena koloristina. H\u00e4nen maalauksensa osoittavat syv\u00e4llist\u00e4 ymm\u00e4rryst\u00e4 v\u00e4riteoriaan.<\/p>\n\n\n<div class=\"wp-block-image\">\n<figure class=\"aligncenter\"><img fetchpriority=\"high\" decoding=\"async\" width=\"300\" height=\"240\" src=\"https:\/\/clikdesign.fi\/ilasmaa\/wp-content\/uploads\/2018\/12\/ilasmaa_kertomus_oljy_150x120_1998.jpg\" alt=\"Urpu Ilasmaa, Kertomus 1998, oil 150 x 120 cm\" class=\"wp-image-78\" srcset=\"https:\/\/clikdesign.fi\/ilasmaa\/wp-content\/uploads\/2018\/12\/ilasmaa_kertomus_oljy_150x120_1998.jpg 300w, https:\/\/clikdesign.fi\/ilasmaa\/wp-content\/uploads\/2018\/12\/ilasmaa_kertomus_oljy_150x120_1998-220x176.jpg 220w\" sizes=\"(max-width: 300px) 100vw, 300px\" \/><figcaption class=\"wp-element-caption\">Kertomus 1998, oil 150 x 120 cm<\/figcaption><\/figure><\/div>\n\n<div class=\"wp-block-image\">\n<figure class=\"aligncenter\"><img decoding=\"async\" width=\"300\" height=\"236\" src=\"https:\/\/clikdesign.fi\/ilasmaa\/wp-content\/uploads\/2018\/12\/ilasmaa_ennen_lumen_tuloa_oljy_140x110_1997.jpg\" alt=\"Urpu Ilasmaa, Kertomus 1998, oil 150 x 120 cm\" class=\"wp-image-79\" srcset=\"https:\/\/clikdesign.fi\/ilasmaa\/wp-content\/uploads\/2018\/12\/ilasmaa_ennen_lumen_tuloa_oljy_140x110_1997.jpg 300w, https:\/\/clikdesign.fi\/ilasmaa\/wp-content\/uploads\/2018\/12\/ilasmaa_ennen_lumen_tuloa_oljy_140x110_1997-220x173.jpg 220w\" sizes=\"(max-width: 300px) 100vw, 300px\" \/><figcaption class=\"wp-element-caption\">Kertomus 1998, oil 150 x 120 cm<\/figcaption><\/figure><\/div>\n\n<div class=\"wp-block-image\">\n<figure class=\"aligncenter\"><img decoding=\"async\" width=\"300\" height=\"236\" src=\"https:\/\/clikdesign.fi\/ilasmaa\/wp-content\/uploads\/2018\/12\/ilasmaa_viesti_oljy_140x110_1996.jpg\" alt=\"Urpu Ilasmaa, Viesti 1996, oil 140 x 110 cm\" class=\"wp-image-83\" srcset=\"https:\/\/clikdesign.fi\/ilasmaa\/wp-content\/uploads\/2018\/12\/ilasmaa_viesti_oljy_140x110_1996.jpg 300w, https:\/\/clikdesign.fi\/ilasmaa\/wp-content\/uploads\/2018\/12\/ilasmaa_viesti_oljy_140x110_1996-220x173.jpg 220w\" sizes=\"(max-width: 300px) 100vw, 300px\" \/><figcaption class=\"wp-element-caption\">Viesti 1996, oil 140 x 110 cm<\/figcaption><\/figure><\/div>\n\n<div class=\"wp-block-image\">\n<figure class=\"aligncenter\"><img loading=\"lazy\" decoding=\"async\" width=\"249\" height=\"300\" src=\"https:\/\/clikdesign.fi\/ilasmaa\/wp-content\/uploads\/2018\/12\/ilasmaa_talvi-ikkuna_oljy_120x100_1997.jpg\" alt=\"Urpu Ilasmaa, Talvi-ikkuva 1997, oil 120 x 100 cm\" class=\"wp-image-82\" srcset=\"https:\/\/clikdesign.fi\/ilasmaa\/wp-content\/uploads\/2018\/12\/ilasmaa_talvi-ikkuna_oljy_120x100_1997.jpg 249w, https:\/\/clikdesign.fi\/ilasmaa\/wp-content\/uploads\/2018\/12\/ilasmaa_talvi-ikkuna_oljy_120x100_1997-220x265.jpg 220w\" sizes=\"(max-width: 249px) 100vw, 249px\" \/><figcaption class=\"wp-element-caption\">Talvi-ikkuva 1997, oil 120 x 100 cm<\/figcaption><\/figure><\/div>\n\n<div class=\"wp-block-image\">\n<figure class=\"aligncenter\"><img loading=\"lazy\" decoding=\"async\" width=\"300\" height=\"252\" src=\"https:\/\/clikdesign.fi\/ilasmaa\/wp-content\/uploads\/2018\/12\/ilasmaa_savanni_oljy_120x110_1997.jpg\" alt=\"Urpu Ilasmaa, Savanni 1997, oil 120 x 110 cm\" class=\"wp-image-81\" srcset=\"https:\/\/clikdesign.fi\/ilasmaa\/wp-content\/uploads\/2018\/12\/ilasmaa_savanni_oljy_120x110_1997.jpg 300w, https:\/\/clikdesign.fi\/ilasmaa\/wp-content\/uploads\/2018\/12\/ilasmaa_savanni_oljy_120x110_1997-220x185.jpg 220w\" sizes=\"(max-width: 300px) 100vw, 300px\" \/><figcaption class=\"wp-element-caption\">Savanni 1997, oil 120 x 110 cm<\/figcaption><\/figure><\/div>\n\n<div class=\"wp-block-image\">\n<figure class=\"aligncenter\"><img loading=\"lazy\" decoding=\"async\" width=\"300\" height=\"226\" src=\"https:\/\/clikdesign.fi\/ilasmaa\/wp-content\/uploads\/2018\/12\/ilasmaa_etaiset_vuoret_guassi_66x55_1997.jpg\" alt=\"Urpu Ilasmaa, Et\u00e4iset vuoret 1997, gouache 66 x 50 cm\" class=\"wp-image-80\" srcset=\"https:\/\/clikdesign.fi\/ilasmaa\/wp-content\/uploads\/2018\/12\/ilasmaa_etaiset_vuoret_guassi_66x55_1997.jpg 300w, https:\/\/clikdesign.fi\/ilasmaa\/wp-content\/uploads\/2018\/12\/ilasmaa_etaiset_vuoret_guassi_66x55_1997-220x166.jpg 220w\" sizes=\"(max-width: 300px) 100vw, 300px\" \/><figcaption class=\"wp-element-caption\">Et\u00e4iset vuoret 1997, gouache 66 x 50 cm<\/figcaption><\/figure><\/div>\n\n\n<pre class=\"wp-block-verse has-text-align-center\">Photography: Matti Ruotsalainen<\/pre>\n\n\n\n<hr class=\"wp-block-separator has-css-opacity\"\/>\n\n\n\n<p class=\"has-text-align-center\"><a href=\"https:\/\/clikdesign.fi\/ilasmaa\/1980s\/\">&lt; 1980&#8217;s<\/a> | <a href=\"https:\/\/clikdesign.fi\/ilasmaa\/2000s\/\">2000&#8217;s &gt;<\/a><\/p>\n","protected":false},"excerpt":{"rendered":"<p>1990-luvulla Urpu Ilasmaa oli muuttanut Helsinkiin, mutta s\u00e4ilytti yhteytens\u00e4 Jyv\u00e4skyl\u00e4\u00e4n. H\u00e4nen ty\u00f6ns\u00e4 Jyv\u00e4skyl\u00e4n taiteilijaseuran vuoden 1995 n\u00e4yttelyss\u00e4 sai positiivista huomiota kriitikoilta. H\u00e4nen taiteellisen ilmaisunsa perustan muodostaa v\u00e4ri, ja h\u00e4n on tunnettu omistautuneena koloristina. H\u00e4nen maalauksensa osoittavat syv\u00e4llist\u00e4 ymm\u00e4rryst\u00e4 v\u00e4riteoriaan. Photography: Matti Ruotsalainen &lt; 1980&#8217;s | 2000&#8217;s &gt;<\/p>\n","protected":false},"author":1,"featured_media":0,"parent":0,"menu_order":0,"comment_status":"closed","ping_status":"closed","template":"","meta":{"footnotes":""},"class_list":["post-77","page","type-page","status-publish","hentry"],"_links":{"self":[{"href":"https:\/\/clikdesign.fi\/ilasmaa\/wp-json\/wp\/v2\/pages\/77","targetHints":{"allow":["GET"]}}],"collection":[{"href":"https:\/\/clikdesign.fi\/ilasmaa\/wp-json\/wp\/v2\/pages"}],"about":[{"href":"https:\/\/clikdesign.fi\/ilasmaa\/wp-json\/wp\/v2\/types\/page"}],"author":[{"embeddable":true,"href":"https:\/\/clikdesign.fi\/ilasmaa\/wp-json\/wp\/v2\/users\/1"}],"replies":[{"embeddable":true,"href":"https:\/\/clikdesign.fi\/ilasmaa\/wp-json\/wp\/v2\/comments?post=77"}],"version-history":[{"count":5,"href":"https:\/\/clikdesign.fi\/ilasmaa\/wp-json\/wp\/v2\/pages\/77\/revisions"}],"predecessor-version":[{"id":555,"href":"https:\/\/clikdesign.fi\/ilasmaa\/wp-json\/wp\/v2\/pages\/77\/revisions\/555"}],"wp:attachment":[{"href":"https:\/\/clikdesign.fi\/ilasmaa\/wp-json\/wp\/v2\/media?parent=77"}],"curies":[{"name":"wp","href":"https:\/\/api.w.org\/{rel}","templated":true}]}}